5 + 3 = 0. Let x = -22 - -20. Let d = o + x. What is the remainder when d is divided by 2?
0
Let j = 33 - 22. Let p = j - 4. Suppose 72 = p*f - 3*f. What is the remainder when 35 is divided by f?
17
Let k = -53 - -107. Let a = 172 - k. What is the remainder when a is divided by 30?
28
Suppose -5*r = 3*n - r - 403, -2*n + 5*r = -261. What is the remainder when n is divided by 34?
31
Suppose -k + 6 = -1. Calculate the remainder when k is divided by (1/2)/(9/90).
2
Suppose -3*q + 3 = -33. Let p = -6 + 64. What is the remainder when p is divided by q?
10
Let p be 120/9 + (-4)/(-6). Let a = 8 + p. Let i(y) = 8*y**3 + y**2 - 2*y + 1. What is the remainder when a is divided by i(1)?
6
Suppose 98 = 2*g - 30. Calculate the remainder when g is divided by 18.
10
Calculate the remainder when (0 - 0) + 406/7 is divided by 12.
10
Suppose 2*l + 104 = 6*l. Calculate the remainder when 103 is divided by l.
25
Suppose 2*t + 0*t + 88 = 0. Let r be 360/t + 4/22. Calculate the remainder when 27 is divided by 2/r - (-114)/8.
13
Let b(x) = -x**2 - 16*x + 3. What is the remainder when b(-9) is divided by 23?
20
Let c = -22 - -29. Calculate the remainder when 25 is divided by c.
4
Suppose n - 30 = -l, -3*l - 55 = -5*l - 3*n. Let t(m) = m**3 + 6*m**2 - m + 6. Let h = 3 + -9. What is the remainder when l is divided by t(h)?
11
Let k = 41 - 22. Let f = 206 - 132. Calculate the remainder when f is divided by k.
17
Let s = 168 + -116. Calculate the remainder when s is divided by -1 + (1 - -19 - 1).
16
Let n(z) = -17*z**3 - z**2 - z - 1. Calculate the remainder when 62 is divided by n(-1).
14
Suppose 0 = 3*o - 32 - 13. What is the remainder when o is divided by 5?
0
Suppose -5*o - 8 = -9*o. Let n = 18 - o. Calculate the remainder when 47 is divided by n.
15
Let u(q) = q**3 - 5*q**2 + 3*q + 5. Let w be u(4). Let f = 3 - w. Calculate the remainder when f is divided by 2.
0
Calculate the remainder when 139 is divided by 39 + (5 + -2 - 7).
34
Suppose u - 96 = -5*k, -2 = -4*u + 2. Calculate the remainder when 36 is divided by k.
17
Let q be 1*(-3 + 2) + -1. Let k(a) = -a**3 - a**2 + 2*a + 2. What is the remainder when 10*(2 + (-9)/6) is divided by k(q)?
1
Let m(w) = 5*w + 2. Suppose -6 = -3*g - 0*g. What is the remainder when 23 is divided by m(g)?
11
Let z(j) = j**2 + j + 26. Let u be 1/(-3) + 14/6. Calculate the remainder when z(0) is divided by -2*(13/(-2) + u).
8
Let u = 100 + -57. Suppose c = -b + 4*b - u, 4*c + 55 = 3*b. Calculate the remainder when b is divided by 7.
6
Suppose -124 = -11*k + 9*k. What is the remainder when 38 is divided by k/3 + (-2)/3?
18
Let x(k) = k**3 - 3*k**2 + 6*k - 8. Let z(m) = 4*m - 7. Calculate the remainder when x(4) is divided by z(6).
15
Let l = 21 - 3. Suppose 4*b - l + 2 = 0. Let h = 6 + -3. Calculate the remainder when b is divided by h.
1
Suppose -3*t + 5*t = 0. Let a be (1 + 33)/(-1 - t). Calculate the remainder when 21 is divided by 5/(-15) + a/(-3).
10
Suppose 0*g + 3*g = 12. Calculate the remainder when 15 is divided by g.
3
Let x = 1 + -1. Suppose 3*r = 3*k + 66, -5*k - 42 = -r - x*r. Calculate the remainder when r is divided by (1 - (-1 + 0))*(-117)/(-26).
8
Let a be 5 - ((-1)/(-1) + -1). Let l = -20 + 82. Suppose -3*z - 4*w = 6 - l, a*z - 5*w - 140 = 0. What is the remainder when 46 is divided by z?
22
Suppose 2*n - 40 = -3*n - 5*x, -4*n + 4*x = 0. What is the remainder when ((-4)/10)/((-11)/55) + 16 is divided by n?
2
Let x = -141 + 166. Calculate the remainder when 73 is divided by x.
23
Suppose -i + 2 = 0, 3*i - 1 = -a + 22. Let q = -37 - -62. Suppose -v = j - 33 + 2, -4*v = j - q. Calculate the remainder when j is divided by a.
16
Suppose -4 - 1 = y. Calculate the remainder when 6/y*20/(-3) is divided by 5.
3
Let q be (-1)/(-1) + (2 - 2). Suppose -13 + 16 = b. Calculate the remainder when (q/(-2))/(2/(-44)) is divided by b.
2
Let f be 4/(-12)*0 - -3. Suppose -2*u = -f*u + 37. What is the remainder when u is divided by 10?
7
Let n(m) = -6*m + 4. Let w be n(-8). Suppose 6*c = w + 68. Calculate the remainder when 39 is divided by c.
19
Let y be 477/6*(-8)/(-6). Suppose 2*b - b - 22 = r, -3*r = -5*b + y. What is the remainder when b is divided by 7?
6
Suppose -4*m - m + 150 = 0. Suppose 2*w - m = 12. Calculate the remainder when w is divided by 6.
3
Let q = 287 + -276. Suppose 4*s = -i - 16, 15 = -4*s + s. What is the remainder when q is divided by i?
3
Suppose 0 = -19*w + 16*w + 54. What is the remainder when w is divided by 7?
4
Calculate the remainder when 78 is divided by ((-6)/(-4))/(45/54)*15.
24
Let u be (2 + -2)/(2*-1). Let v = 4 + u. Let p = 6 - 3. Calculate the remainder when v is divided by p.
1
Suppose 3 = w + 3*g, -4*g + 71 = 4*w + 19. What is the remainder when w is divided by 5?
3
Let a be 4/(-12)*-3*186. Let s = a - 117. What is the remainder when s is divided by 14?
13
Let j(m) = -m + 4. Let x be j(3). Suppose 2*c + y - x = 0, 5*y + 13 = 2*c - 6. Suppose 0 = -3*v + c*v + 14. Calculate the remainder when 40 is divided by v.
12
Let s = 53 - 37. Suppose 3*g - 5*f = 12 + s, 2*f + 15 = 5*g. Suppose -v = g - 23. Calculate the remainder when v is divided by 12.
10
Let b(h) = h**3 + 4*h**2 - 5. Let i be b(-4). What is the remainder when 4*(-2 - i) + -2 is divided by 6?
4
Let x be 3/(-1) - (1 - 2). Let y(l) = 2*l**2 - 3*l - 1. Calculate the remainder when y(x) is divided by (-3)/((-18)/(-4)) - (-442)/51.
5
Suppose f - 4*f = 0. Suppose -3*g - 2*g + 25 = f. Suppose -5*s + 40 = g*i, -s - i = -3*i + 1. What is the remainder when s is divided by 2?
1
Let p(m) be the second derivative of -m**5/20 + m**4/2 - 2*m**3/3 + m**2/2 + m. What is the remainder when 10 is divided by p(5)?
4
Let q(x) = -x**2 + 4 + 1 + 0*x**2. What is the remainder when q(0) is divided by 2?
1
Let v(x) = 4*x**2 - x. Let y be v(1). Suppose 0*a - 42 = -3*a + y*m, -4 = 4*m. What is the remainder when 38 is divided by a?
12
Let b = -6 + 34. Let u = b - 12. What is the remainder when 29 is divided by u?
13
Let d = -137 - -203. Suppose 12*b - 157 = 119. Calculate the remainder when d is divided by b.
20
Suppose p + 3*p = 48. Let g be ((-2)/(-6))/((-1)/(-21)). Calculate the remainder when (g/2)/(2/20) is divided by p.
11
Suppose -4*s + 4*p = -192, -s - 3*p = -6*s + 250. What is the remainder when s is divided by 29?
24
Suppose 4*s + 9 = 81. What is the remainder when 34 is divided by s?
16
Suppose 0 = 2*q - 3*k + 1, 5*q = -0*q - 4*k + 32. Calculate the remainder when 10 is divided by q.
2
Let m(z) be the third derivative of z**4/24 + 5*z**3/6 - 3*z**2. Suppose 2 = -2*h - 6. What is the remainder when m(h) is divided by 1?
0
Suppose -2*v = -3*v + 2. Let b(w) = -v*w**2 + 3*w**2 - 9 + 7 - 2*w. What is the remainder when b(6) is divided by 8?
6
Let i(g) = g**2 - 4*g - 8. Calculate the remainder when 49 is divided by i(7).
10
Let p = -27 + 30. Calculate the remainder when 6 is divided by p.
0
Suppose -5*s + 4*d = -60, 2*s + 0 = -2*d + 6. Let f(v) = v**3 + 4*v - 3. What is the remainder when f(2) is divided by s?
5
Let q(s) = -s + 1. Let d be q(3). Suppose -12 = -4*u, 2*u - 7*u = -3*v + 66. What is the remainder when v/12 - d/(-8) is divided by 1?
0
Let b = 17 - 12. Let h(p) = -p**2 + 6*p + 9. Let j(y) = y**2 - 6*y - 9. Let u(v) = -4*h(v) - 3*j(v). Calculate the remainder when u(8) is divided by b.
2
Suppose -5*s + 340 = -5*f, 3 = 3*f - 6*f. What is the remainder when s is divided by 17?
16
Let h(f) = -3*f - 11. What is the remainder when h(-9) is divided by 6?
4
Let q(z) = -z**3 + 7*z**2 + 3*z - 6. Let k = 35 + -7. What is the remainder when k is divided by q(7)?
13
Let m(f) = -f**2 + 13*f + 26. Suppose -2*g + 13 = -57. What is the remainder when g is divided by m(14)?
11
Let v(g) = 2*g - g**2 + 2*g - 5 - 17*g. Calculate the remainder when 47 is divided by v(-10).
22
Let j be 0/2 - (-2 - 0). Suppose 27 + 5 = -2*k. Let m = j - k. What is the remainder when 35 is divided by m?
17
Let m be (0 - 1)*1*-2. Calculate the remainder when 21 is divided by m + ((-12)/3)/(-1).
3
Let g(s) = -2*s**3 - 3*s. What is the remainder when g(-3) is divided by 22?
19
Let q be 0/1 + 8 + -4. Suppose 0 = s - 2 - q. Calculate the remainder when 17 is divided by s.
5
Let w(s) = -2*s + 1. Suppose 4*n + 1 = -31. What is the remainder when w(n) is divided by 10?
7
Let b = 673 - 323. Calculate t